. What are the prime factors of d?
2, 3
Let m(k) = k**2 - 3*k + 7. List the prime factors of m(6).
5
Let d = 33 - 20. List the prime factors of d.
13
Let m(d) = d**3 - 9*d**2 - 23*d + 15. List the prime factors of m(12).
3, 19
Let t(q) = -2*q**3 - 7*q**2 - 5*q + 2. What are the prime factors of t(-5)?
2, 3, 17
Let m = 5 + -1. Let t(l) = 4*l + 0*l**2 + 4 + 3*l**2 - 4*l**2. List the prime factors of t(m).
2
Let a = 48 + -87. List the prime factors of -1*(a/3 - -1).
2, 3
Let i = 93 + 28. List the prime factors of i.
11
Suppose 0 = k - 27 - 38. What are the prime factors of k?
5, 13
Let u = -1 - 5. Let j = 11 + u. Let w(o) = o**3 - 5*o**2 + o + 1. List the prime factors of w(j).
2, 3
Suppose 2*a = 6, -2*h + 1004 = -0*h + 4*a. List the prime factors of (h/8)/(1 + 1).
31
List the prime factors of -3 - (-1)/(3/129).
2, 5
Suppose 5*o + 5*f = 35, -3*o - 3*f = o - 23. Suppose -4*w + 2*h = -58, 71 = 3*w + o*w - 4*h. List the prime factors of w.
3, 5
Let j = -6 - -25. What are the prime factors of j?
19
Let k(f) = -f**2 - 4*f + 6. Let z be k(-5). Let y be (z + -2)/1 + 15. Suppose 4*b - y - 44 = -2*w, -4*b + 23 = -5*w. List the prime factors of b.
2, 3
Let l be (1 - 19)*1/(-3). Let f(k) = -4 + 4 + l + 1 - 2*k. List the prime factors of f(-5).
17
Suppose 3*s - 5*r + 3 = -0, 0 = 3*s - 4*r. Suppose -s*o = o - 25. What are the prime factors of o?
5
Let k(d) = -23*d - 1. Let f be k(2). Let g = -8 - f. List the prime factors of g/3 - (3 + -2).
2, 3
Suppose -g + 0*g = 5*w - 103, -g = w - 91. Suppose g = 3*f - 38. List the prime factors of f.
2, 3, 7
Let d(f) = f**3 - 4*f**2 + 3*f + 4. List the prime factors of d(3).
2
Let l(z) = -2*z - 8. Let n be l(-7). Let c be (-52)/(-9) + n/27. What are the prime factors of ((-3)/c)/((-2)/28)?
7
Let v = -6 - -3. Let r = v + -16. Let l = r - -33. What are the prime factors of l?
2, 7
What are the prime factors of (2 - 256)*((-7)/2 - -3)?
127
Let s(x) be the first derivative of x**4/4 - 2*x**3 + 7*x - 2. List the prime factors of s(6).
7
Suppose f = 2*f + 4*p + 7, 4 = -4*p. List the prime factors of 21 - (f - (-2 - 2)).
2, 5
Let l(k) = -k**2 + 8*k - 5. Let d be l(7). Suppose -40 = -4*u - d*j, u - j + 8 = 2*u. List the prime factors of u.
2, 3
Suppose 1 + 2 = 3*h. Let b be (2/1)/(h/3). Suppose -b*g + g = -4*c + 2, -2*g + c = -1. What are the prime factors of g?
2
Let j be ((-8)/(-12))/((-4)/(-30)). Suppose -j*n + 55 + 15 = 0. List the prime factors of n.
2, 7
Let f = 14 - 10. Let n = 9 + -3. Let z = f + n. List the prime factors of z.
2, 5
Let d = -12 + 17. Suppose d*y - 22 = 18. What are the prime factors of y?
2
Let n(s) = -s**3 - s**2 + s - 3. Let y be n(-3). Let p be ((-2)/(-6))/((-2)/(-12)). Let i = y + p. What are the prime factors of i?
2, 7
Let t(u) = -3*u - 1. Let i be t(-4). Let c = -4 + i. What are the prime factors of c?
7
Let z(n) = -n**3 + 5*n**2 + 13*n + 1. What are the prime factors of z(6)?
43
Suppose -10 = 6*p - 11*p. Suppose 22 = 4*g - 5*a - 9, -13 = -4*g - a. Suppose -p*x + 7 = c, -4*x + g*c = 3*c - 5. What are the prime factors of x?
2
Suppose -9 = 3*l - f, 2*l = 7*f - 2*f - 6. Let a be -2*2*(-2)/(-8). Let k = a - l. What are the prime factors of k?
2
Let v = -247 - -355. What are the prime factors of v?
2, 3
Let f(v) = -v**3 - v**2 - v + 12. Let j = 10 - 10. List the prime factors of f(j).
2, 3
Let i = -2 - 3. Let n = -1 - 1. What are the prime factors of (-12)/(-15)*i/n?
2
Let y(g) be the third derivative of g**4/12 + g**3/2 - 5*g**2. What are the prime factors of y(3)?
3
Let r = 34 + -2. What are the prime factors of r?
2
Suppose -c - q = 3*c - 25, -3*c + q = -17. Suppose -o = -3*o - 2*z + 4, -3*o = -4*z - 20. Suppose 2 = -o*m - c, -4*k = -2*m - 36. List the prime factors of k.
2
Let j(v) be the second derivative of -v**3/3 - 2*v**2 + v. What are the prime factors of j(-5)?
2, 3
Let i(r) be the third derivative of r**5/60 - 5*r**4/12 - 3*r**3/2 - 3*r**2. List the prime factors of i(11).
2
Let s(n) = 47*n**3 - n**2 + 8*n - 1. List the prime factors of s(2).
3, 43
Let b be 0/(4 - 1)*-1. Let j be (24 - (b + 2)) + 1. Let z = 32 - j. List the prime factors of z.
3
Let k = 32 + -18. What are the prime factors of k?
2, 7
List the prime factors of 40 + (-2)/(-3)*(-5 + 8).
2, 3, 7
Let z = 12 - 8. Suppose -z*t + 17 = 1. Let n = 5 + t. List the prime factors of n.
3
Suppose -4 = -2*v + 2*u, 4*v - 2 = 5*u + 5. Suppose 27 = v*g + 3. List the prime factors of g.
2
Suppose -12*s + 4*s + 88 = 0. What are the prime factors of s?
11
Let d = -13 - -19. Suppose 5*c - d*c = -7. What are the prime factors of c?
7
Let k(j) = -j**3 + 6*j**2 - 2*j - 5. Let u be k(5). Suppose -u + 1 = -3*l. Suppose 3*d - 2*t = 2*t + 25, 5*t + 23 = l*d. List the prime factors of d.
11
Let i(a) = 5*a**3 - 4*a**2 + 2*a + 2. List the prime factors of i(2).
2, 3, 5
Let i(k) = -11 + 3 - 2 - 7*k. List the prime factors of i(-6).
2
Suppose 4*r + 3*i + 2*i - 416 = 0, 3*r = 2*i + 312. List the prime factors of r.
2, 13
Suppose -1065 = -30*y + 25*y. What are the prime factors of y?
3, 71
Suppose -h - 4 + 25 = -2*n, -4*n - 84 = -4*h. What are the prime factors of h?
3, 7
Let o(l) = l - 1. Let p(j) = j + 7. Let y(k) = -2*o(k) + p(k). Let s be y(5). What are the prime factors of 42/s - 5/(-10)?
11
Let p(f) = -f**3 + 11*f**2 - 13*f + 11. List the prime factors of p(9).
2, 7
Let y be 29/1 - (-3)/(-1). Let r = 36 - y. List the prime factors of r.
2, 5
Suppose 2*v + v - 84 = 0. What are the prime factors of v?
2, 7
Let k = -250 - -418. What are the prime factors of k?
2, 3, 7
Let w(c) = c**3 + c**2 + 1. Let p(k) = 3*k**3 - k + 3. Let y(v) = p(v) - 4*w(v). What are the prime factors of y(-4)?
3
Let o = -4 - -6. Suppose -l = 3*c - 16, c + 48 = l + o*l. List the prime factors of l.
2
Suppose -2*o - 16 = 3*p - 7, p + 2*o + 3 = 0. Let b = p - -10. What are the prime factors of b?
7
Suppose -3*f - 5*o = 1, -4*f + 22 = -4*o + 6*o. What are the prime factors of (-6)/f + 760/32?
23
Suppose 81 - 14 = 3*v - m, -5*v + m = -109. What are the prime factors of v?
3, 7
Let w = -48 + 50. Suppose 4*x + i - 63 = 0, -5*i - 57 = -4*x - 4*i. Suppose -x = -w*c + 25. List the prime factors of c.
2, 5
Suppose 2*o + 2*v = -0*v + 222, -v + 5 = 0. List the prime factors of o.
2, 53
Let f(h) = -10*h + 8. What are the prime factors of f(-10)?
2, 3
Let c(g) = g**2 + 2*g. Let x be c(-2). Suppose x = -2*m + 88. Suppose m = 5*w - w. What are the prime factors of w?
11
Suppose 2*u + 0*u = 22. Suppose -4*d = -2*s - 0*d - 6, s - 3*d = -5. Suppose u = k + s. List the prime factors of k.
2, 5
Suppose -3*m + 4*m = 5. Let j(t) = t**2 - 2*t + 5. Let n be j(m). Suppose 0 = -5*p + 3*k + 45, -13 - n = -3*p + 3*k. List the prime factors of p.
2, 3
Let n be (-8)/(((-18)/21)/3). Let l = n + -15. List the prime factors of l.
13
Suppose 3*z + 594 = 9*z. List the prime factors of z.
3, 11
Suppose -2*c = -c - 52. List the prime factors of c.
2, 13
Suppose -2*s = s - 6. Suppose -2*j = 2*t - 38, -j - 24 = -s*t + 4*j. List the prime factors of t.
17
Let d be 0 + (2 - -2) + -1. Suppose 34 = 5*x + 2*k, x - 25 = -x + d*k. List the prime factors of x.
2
Let s = 40 + 9. What are the prime factors of s?
7
Suppose -a + 107 = -2*r, -3*r = 5*a - 4*r - 490. What are the prime factors of a?
97
Let z(q) = q**2 + 4*q - 3. Let w be z(2). Let l(v) be the second derivative of -v**4/12 + 3*v**3/2 + 3*v**2/2 + v. What are the prime factors of l(w)?
3
Let z(j) be the second derivative of j**3/6 + 7*j**2 - 3*j. List the prime factors of z(-6).
2
Let u(t) = 24*t. List the prime factors of u(1).
2, 3
Let j(p) = 2*p**2 - 2*p - 4. Let h be j(4). Suppose -h = 2*k - 4*k - 4*a, 0 = 5*a + 25. Suppose -k = -2*u - 3*u. List the prime factors of u.
2
List the prime factors of (-4)/24*-3*2*188.
2, 47
Let y(j) = -3*j**3 + 2*j**2 + 2*j - 1. Let z be y(2). Let v be 1/((3/19)/3). Let x = z + v. What are the prime factors of x?
2, 3
Let u = -29 + 52. Suppose 5*m - u = 2. Suppose m = 5*a - 5. What are the prime factors of a?
2
Suppose 4*c + 53 = 3*d - c, 2*c = -3*d + 67. What are the prime factors of d?
3, 7
Let x(u) = u - 1. Let z be x(1). Suppose -4*y - 2 + 22 = z. What are the prime factors of y?
5
Suppose 0 = 4*j - 2 - 2. Suppose -7*z = -3*b - 2*z + 1, b - 3*z + j = 0. What are the prime factors of b?
2
Let h(r) = -4*r**2 - r + 2. Let q be h(1). L